{"id":245,"date":"2023-10-12T09:04:10","date_gmt":"2023-10-12T09:04:10","guid":{"rendered":"https:\/\/batura.eus\/valores\/"},"modified":"2023-10-15T11:06:49","modified_gmt":"2023-10-15T11:06:49","slug":"valores","status":"publish","type":"page","link":"https:\/\/batura.eus\/es\/valores\/","title":{"rendered":"Valores"},"content":{"rendered":"\n<h1 class=\"wp-block-heading\">Soberan\u00eda del trabajo<\/h1>\n\n<h3 class=\"wp-block-heading\"><strong>Democracia interna<\/strong><\/h3>\n\n<p>Valoramos que las iniciativas de la EST tengan medidas para tomar decisiones, fomentando la participaci\u00f3n activa y paritaria de todos sus miembros. Adem\u00e1s de la existencia de reuniones o asambleas, ponemos en valor el trabajo de diferencias de rango o de privilegios y su indiferencia de participaci\u00f3n en la toma de decisiones. <\/p>\n\n<h3 class=\"wp-block-heading\"><strong>Transparencia Interna<\/strong><\/h3>\n\n<p>Necesitamos una total transparencia entre las personas dentro de los proyectos. Creemos que la transparencia es el mejor mecanismo para generar confianza, facilita la informaci\u00f3n que permite un consumo cr\u00edtico. Ocultar informaci\u00f3n en el sistema capitalista es una pr\u00e1ctica habitual, funcionamiento, cuentas, origen, proceso productivo\u2026 Nos parece imprescindible romper con este esquema.<\/p>\n\n<h3 class=\"wp-block-heading\"><strong>Propiedad<\/strong><\/h3>\n\n<p>La propiedad es un concepto que est\u00e1 en la base de la EST. Trat\u00e1ndose de entidades de car\u00e1cter privado, entendemos su distribuci\u00f3n y naturaleza como un concepto imprescindible. Una distribuci\u00f3n de beneficios no vinculados a la aportaci\u00f3n de capital es obligatoria y la gesti\u00f3n debe superar la barrera de la propiedad.<\/p>\n\n<h1 class=\"wp-block-heading\">Iniciativa Colectiva<\/h1>\n\n<h3 class=\"wp-block-heading\"><strong>Condiciones de Trabajo<\/strong><\/h3>\n\n<p>Entendemos que las condiciones laborales dignas se cumplan con un convenio estable, unas jornadas coherentes con el n\u00famero de tareas y un salario superior al convenio del sector. Lan-elkartuko kooperatiben kasuan, gainera, kooperatibako bazkide egonkor izatea edo denbora kopuru luze bat eraman izana kontuan hartzen dugu. No tenemos en cuenta a los trabajadores voluntarios o en pr\u00e1cticas.<\/p>\n\n<h3 class=\"wp-block-heading\"><strong>Finanzas \u00c9ticas<\/strong><\/h3>\n\n<p>Cuando hablamos de finanzas hablamos de ahorro, pr\u00e9stamo y operativa de la iniciativa. Las principales iniciativas de \u00e9tica financiera en Euskal Herria son Koop57 EH, Oikocredit o Fiare Banca \u00c9tica. Principales cajas cooperativas (aunque no \u00e9ticas: Laboral Kutxa, etc.) Entendemos por finanzas \u00e9ticas y alternativas: intercambio, grupos de autofinanciaci\u00f3n, micromecenazgo, moneda social, entidad de finanzas \u00e9ticas o seguros \u00e9ticos. <\/p>\n\n<h3 class=\"wp-block-heading\"><strong>Proveedores<\/strong><\/h3>\n\n<p>Fomentamos la cercan\u00eda, el respeto a los derechos laborales y no la presencia de intermediarios en el consumo que est\u00e1 dentro de la comercializaci\u00f3n o servicio del proveedor.<\/p>\n\n<h3 class=\"wp-block-heading\"><strong>Intercooperaci\u00f3n<\/strong><\/h3>\n\n<p>Priorizamos el trabajo con otras iniciativas de econom\u00eda transformadora con el objetivo de promover el mercado social, que se enmarcan en los principios de la EST &#8211; producci\u00f3n, distribuci\u00f3n, consumo, financiaci\u00f3n para satisfacer las necesidades y el circuito econ\u00f3mico.<\/p>\n\n<h3 class=\"wp-block-heading\"><strong>Licencias Libres<\/strong><\/h3>\n\n<p>Entendemos por \u201ccontenido\u201d el software (incluidos los sistemas operativos) o los bienes culturales. Las licencias libres pueden ser GNU-GPL (software) o Creative Commons (bienes culturales). Ejemplos de software libre son LibreOffice o Linux.<\/p>\n\n<h3 class=\"wp-block-heading\"><strong>Transparencia Exterior<\/strong><\/h3>\n\n<p>Es importante se\u00f1alar las personas y valores que est\u00e1n detr\u00e1s de nuestro proyecto de cara al exterior. Creemos que la transparencia es el mejor mecanismo para generar confianza, facilita la informaci\u00f3n que permite un consumo cr\u00edtico. Ocultar informaci\u00f3n en el sistema capitalista es una pr\u00e1ctica habitual, funcionamiento, cuentas, origen, proceso productivo\u2026 Nos parece imprescindible romper con este esquema.<\/p>\n\n<h1 class=\"wp-block-heading\">Territorialidad y Transformaci\u00f3n Social<\/h1>\n\n<h3 class=\"wp-block-heading\"><strong>Transformacion Social<\/strong><\/h3>\n\n<p>Entendemos que la EST debe mantener un enfoque anticapitalista, teniendo en cuenta las injusticias que aporta este sistema y permitiendo su desaparici\u00f3n. Conociendo la capacidad discursiva del capitalismo, s\u00f3lo la conciencia anticapitalista garantizar\u00e1 que la ESE no caiga en este sistema socioecon\u00f3mico dominante, (asociaci\u00f3n de comerciantes del barrio, federaci\u00f3n de cooperativas, cooperativa de consumo\u2026) en las redes de car\u00e1cter comunitario y transformaci\u00f3n.<\/p>\n\n<h3 class=\"wp-block-heading\"><strong>Cohesi\u00f3n social (Integraci\u00f3n Social)<\/strong><\/h3>\n\n<p>Entendemos que el espacio EST debe ser inclusivo, que supere las discriminaciones y exclusiones que se dan dentro del sistema capitalista en funci\u00f3n de la raza, etnia, cultura, afectivo-sexual, diversidad funcional, g\u00e9nero, etc. Por lo tanto, creemos que hay que dar la vuelta y reflejar las din\u00e1micas que expulsan a determinadas personas del mercado y de la esfera p\u00fablica.<\/p>\n\n<h3 class=\"wp-block-heading\"><strong>Euskara<\/strong><\/h3>\n\n<p>Euskal Herria no se puede entender sin el euskera, es el eje de nuestra identidad y cultura. Nunca habr\u00e1 Euskal Herria sin euskera. No podemos olvidar el hecho de que el Euskara y los vascos no estamos en un contexto neutral, hemos sufrido una serie de agresiones que han variado en funci\u00f3n de la \u00e9poca. Para poder garantizar ciertos principios de la EST es imprescindible el impulso que necesita el euskera. En este proceso de construcci\u00f3n, empezando por los individuos, todos debemos avanzar juntos hacia la euskaldunizaci\u00f3n de Euskal Herria, porque es imprescindible que cada comunidad cuide y transmita su lengua, cultura e identidad.<\/p>\n\n<h1 class=\"wp-block-heading\">Equilibrio Ecol\u00f3gico<\/h1>\n\n<h3 class=\"wp-block-heading\"><strong>Sostenibilidad<\/strong><\/h3>\n\n<p>Valoramos la conciencia y la apuesta por la ecolog\u00eda, tanto en producci\u00f3n, comercializaci\u00f3n como en movilidad. El sistema capitalista necesita recursos ilimitados para garantizar el crecimiento econ\u00f3mico, aunque estos son limitados, lo que implica la destrucci\u00f3n de los recursos naturales y del territorio. Por ello, la actividad econ\u00f3mica de la ESE debe tener en cuenta la magnitud del impacto sobre el medio natural. <\/p>\n\n<h3 class=\"wp-block-heading\"><strong>Gesti\u00f3n de Residuos<\/strong><\/h3>\n\n<p>Es necesario que las entidades que operan en el seno de la ESE tengan en cuenta la capacidad de los ecosistemas para regenerar y absorber recursos y residuos. En caso contrario, se est\u00e1 potenciando el desequilibrio de los ecosistemas y, por tanto, disminuyendo la capacidad de satisfacer nuestras necesidades en el futuro. <\/p>\n\n<h3 class=\"wp-block-heading\"><strong>Consumo Energ\u00e9tico<\/strong><\/h3>\n\n<p>El crecimiento capitalista se basa en la explotaci\u00f3n de recursos f\u00f3siles (petr\u00f3leo, gas, uranio, carb\u00f3n) que ha permitido obtener energ\u00eda barata y en gran cantidad. Es una forma de producci\u00f3n insostenible, debido a los recursos limitados y al impacto que genera en la naturaleza y en las personas. Ante la necesidad de que la EST abandone esta forma de energ\u00eda, debe apostar por la reducci\u00f3n del consumo, por las renovables y por un sistema que permita la soberan\u00eda energ\u00e9tica.<\/p>\n\n<h1 class=\"wp-block-heading\">La vida en el Centro<\/h1>\n\n<h3 class=\"wp-block-heading\"><strong>Visi\u00f3n Feminista<\/strong><\/h3>\n\n<p>Creemos que el g\u00e9nero es la construcci\u00f3n social de roles y comportamientos. Teniendo en cuenta que vivimos en una sociedad patriarcal, si no tenemos perspectiva de g\u00e9nero reproduciremos asimetr\u00edas de roles de g\u00e9nero entre hombres y mujeres. Por eso valoramos si las entidades han tenido en cuenta estas desigualdades, han reflexionado y toman medidas, fomentando el empoderamiento, la participaci\u00f3n y el protagonismo de las mujeres.<\/p>\n\n<h3 class=\"wp-block-heading\"><strong>Desarrollo Personal<\/strong><\/h3>\n\n<p>Valoramos que las iniciativas de la EST tengan en cuenta las necesidades de las personas y traten de aportar soluciones en el \u00e1mbito laboral, participativo y de cuidado. Cuidado de las personas que participan en la iniciativa, conciliaci\u00f3n de la vida personal y laboral o c\u00f3mo se trabajan las emociones. Pensamos que la corresponsabilidad es transformadora: capacidad, empat\u00eda y voluntad para asumir colectivamente las necesidades individuales. Por ejemplo: servicio de guarder\u00eda, redistribuci\u00f3n de tareas, adecuaci\u00f3n de horarios\u2026<\/p>\n","protected":false},"excerpt":{"rendered":"<p>Soberan\u00eda del trabajo Democracia interna Valoramos que las iniciativas de la EST tengan medidas para tomar decisiones, fomentando la participaci\u00f3n activa y paritaria de todos sus miembros. Adem\u00e1s de la existencia de reuniones o asambleas, ponemos en valor el trabajo de diferencias de rango o de privilegios y su indiferencia de participaci\u00f3n en la toma [&hellip;]<\/p>\n","protected":false},"author":1,"featured_media":0,"parent":0,"menu_order":0,"comment_status":"closed","ping_status":"closed","template":"","meta":{"footnotes":""},"_links":{"self":[{"href":"https:\/\/batura.eus\/es\/wp-json\/wp\/v2\/pages\/245"}],"collection":[{"href":"https:\/\/batura.eus\/es\/wp-json\/wp\/v2\/pages"}],"about":[{"href":"https:\/\/batura.eus\/es\/wp-json\/wp\/v2\/types\/page"}],"author":[{"embeddable":true,"href":"https:\/\/batura.eus\/es\/wp-json\/wp\/v2\/users\/1"}],"replies":[{"embeddable":true,"href":"https:\/\/batura.eus\/es\/wp-json\/wp\/v2\/comments?post=245"}],"version-history":[{"count":6,"href":"https:\/\/batura.eus\/es\/wp-json\/wp\/v2\/pages\/245\/revisions"}],"predecessor-version":[{"id":273,"href":"https:\/\/batura.eus\/es\/wp-json\/wp\/v2\/pages\/245\/revisions\/273"}],"wp:attachment":[{"href":"https:\/\/batura.eus\/es\/wp-json\/wp\/v2\/media?parent=245"}],"curies":[{"name":"wp","href":"https:\/\/api.w.org\/{rel}","templated":true}]}}

<h1 class="wp-block-heading">Soberanía del trabajo</h1>

<h3 class="wp-block-heading"><strong>Democracia interna</strong></h3>

<p>Valoramos que las iniciativas de la EST tengan medidas para tomar decisiones, fomentando la participación activa y paritaria de todos sus miembros. Además de la existencia de reuniones o asambleas, ponemos en valor el trabajo de diferencias de rango o de privilegios y su indiferencia de participación en la toma de decisiones. </p>

<h3 class="wp-block-heading"><strong>Transparencia Interna</strong></h3>

<p>Necesitamos una total transparencia entre las personas dentro de los proyectos. Creemos que la transparencia es el mejor mecanismo para generar confianza, facilita la información que permite un consumo crítico. Ocultar información en el sistema capitalista es una práctica habitual, funcionamiento, cuentas, origen, proceso productivo… Nos parece imprescindible romper con este esquema.</p>

<h3 class="wp-block-heading"><strong>Propiedad</strong></h3>

<p>La propiedad es un concepto que está en la base de la EST. Tratándose de entidades de carácter privado, entendemos su distribución y naturaleza como un concepto imprescindible. Una distribución de beneficios no vinculados a la aportación de capital es obligatoria y la gestión debe superar la barrera de la propiedad.</p>

<h1 class="wp-block-heading">Iniciativa Colectiva</h1>

<h3 class="wp-block-heading"><strong>Condiciones de Trabajo</strong></h3>

<p>Entendemos que las condiciones laborales dignas se cumplan con un convenio estable, unas jornadas coherentes con el número de tareas y un salario superior al convenio del sector. Lan-elkartuko kooperatiben kasuan, gainera, kooperatibako bazkide egonkor izatea edo denbora kopuru luze bat eraman izana kontuan hartzen dugu. No tenemos en cuenta a los trabajadores voluntarios o en prácticas.</p>

<h3 class="wp-block-heading"><strong>Finanzas Éticas</strong></h3>

<p>Cuando hablamos de finanzas hablamos de ahorro, préstamo y operativa de la iniciativa. Las principales iniciativas de ética financiera en Euskal Herria son Koop57 EH, Oikocredit o Fiare Banca Ética. Principales cajas cooperativas (aunque no éticas: Laboral Kutxa, etc.) Entendemos por finanzas éticas y alternativas: intercambio, grupos de autofinanciación, micromecenazgo, moneda social, entidad de finanzas éticas o seguros éticos. </p>

<h3 class="wp-block-heading"><strong>Proveedores</strong></h3>

<p>Fomentamos la cercanía, el respeto a los derechos laborales y no la presencia de intermediarios en el consumo que está dentro de la comercialización o servicio del proveedor.</p>

<h3 class="wp-block-heading"><strong>Intercooperación</strong></h3>

<p>Priorizamos el trabajo con otras iniciativas de economía transformadora con el objetivo de promover el mercado social, que se enmarcan en los principios de la EST &#8211; producción, distribución, consumo, financiación para satisfacer las necesidades y el circuito económico.</p>

<h3 class="wp-block-heading"><strong>Licencias Libres</strong></h3>

<p>Entendemos por “contenido” el software (incluidos los sistemas operativos) o los bienes culturales. Las licencias libres pueden ser GNU-GPL (software) o Creative Commons (bienes culturales). Ejemplos de software libre son LibreOffice o Linux.</p>

<h3 class="wp-block-heading"><strong>Transparencia Exterior</strong></h3>

<p>Es importante señalar las personas y valores que están detrás de nuestro proyecto de cara al exterior. Creemos que la transparencia es el mejor mecanismo para generar confianza, facilita la información que permite un consumo crítico. Ocultar información en el sistema capitalista es una práctica habitual, funcionamiento, cuentas, origen, proceso productivo… Nos parece imprescindible romper con este esquema.</p>

<h1 class="wp-block-heading">Territorialidad y Transformación Social</h1>

<h3 class="wp-block-heading"><strong>Transformacion Social</strong></h3>

<p>Entendemos que la EST debe mantener un enfoque anticapitalista, teniendo en cuenta las injusticias que aporta este sistema y permitiendo su desaparición. Conociendo la capacidad discursiva del capitalismo, sólo la conciencia anticapitalista garantizará que la ESE no caiga en este sistema socioeconómico dominante, (asociación de comerciantes del barrio, federación de cooperativas, cooperativa de consumo…) en las redes de carácter comunitario y transformación.</p>

<h3 class="wp-block-heading"><strong>Cohesión social (Integración Social)</strong></h3>

<p>Entendemos que el espacio EST debe ser inclusivo, que supere las discriminaciones y exclusiones que se dan dentro del sistema capitalista en función de la raza, etnia, cultura, afectivo-sexual, diversidad funcional, género, etc. Por lo tanto, creemos que hay que dar la vuelta y reflejar las dinámicas que expulsan a determinadas personas del mercado y de la esfera pública.</p>

<h3 class="wp-block-heading"><strong>Euskara</strong></h3>

<p>Euskal Herria no se puede entender sin el euskera, es el eje de nuestra identidad y cultura. Nunca habrá Euskal Herria sin euskera. No podemos olvidar el hecho de que el Euskara y los vascos no estamos en un contexto neutral, hemos sufrido una serie de agresiones que han variado en función de la época. Para poder garantizar ciertos principios de la EST es imprescindible el impulso que necesita el euskera. En este proceso de construcción, empezando por los individuos, todos debemos avanzar juntos hacia la euskaldunización de Euskal Herria, porque es imprescindible que cada comunidad cuide y transmita su lengua, cultura e identidad.</p>

<h1 class="wp-block-heading">Equilibrio Ecológico</h1>

<h3 class="wp-block-heading"><strong>Sostenibilidad</strong></h3>

<p>Valoramos la conciencia y la apuesta por la ecología, tanto en producción, comercialización como en movilidad. El sistema capitalista necesita recursos ilimitados para garantizar el crecimiento económico, aunque estos son limitados, lo que implica la destrucción de los recursos naturales y del territorio. Por ello, la actividad económica de la ESE debe tener en cuenta la magnitud del impacto sobre el medio natural. </p>

<h3 class="wp-block-heading"><strong>Gestión de Residuos</strong></h3>

<p>Es necesario que las entidades que operan en el seno de la ESE tengan en cuenta la capacidad de los ecosistemas para regenerar y absorber recursos y residuos. En caso contrario, se está potenciando el desequilibrio de los ecosistemas y, por tanto, disminuyendo la capacidad de satisfacer nuestras necesidades en el futuro. </p>

<h3 class="wp-block-heading"><strong>Consumo Energético</strong></h3>

<p>El crecimiento capitalista se basa en la explotación de recursos fósiles (petróleo, gas, uranio, carbón) que ha permitido obtener energía barata y en gran cantidad. Es una forma de producción insostenible, debido a los recursos limitados y al impacto que genera en la naturaleza y en las personas. Ante la necesidad de que la EST abandone esta forma de energía, debe apostar por la reducción del consumo, por las renovables y por un sistema que permita la soberanía energética.</p>

<h1 class="wp-block-heading">La vida en el Centro</h1>

<h3 class="wp-block-heading"><strong>Visión Feminista</strong></h3>

<p>Creemos que el género es la construcción social de roles y comportamientos. Teniendo en cuenta que vivimos en una sociedad patriarcal, si no tenemos perspectiva de género reproduciremos asimetrías de roles de género entre hombres y mujeres. Por eso valoramos si las entidades han tenido en cuenta estas desigualdades, han reflexionado y toman medidas, fomentando el empoderamiento, la participación y el protagonismo de las mujeres.</p>

<h3 class="wp-block-heading"><strong>Desarrollo Personal</strong></h3>

<p>Valoramos que las iniciativas de la EST tengan en cuenta las necesidades de las personas y traten de aportar soluciones en el ámbito laboral, participativo y de cuidado. Cuidado de las personas que participan en la iniciativa, conciliación de la vida personal y laboral o cómo se trabajan las emociones. Pensamos que la corresponsabilidad es transformadora: capacidad, empatía y voluntad para asumir colectivamente las necesidades individuales. Por ejemplo: servicio de guardería, redistribución de tareas, adecuación de horarios…</p>

<p>Soberanía del trabajo Democracia interna Valoramos que las iniciativas de la EST tengan medidas para tomar decisiones, fomentando la participación activa y paritaria de todos sus miembros. Además de la existencia de reuniones o asambleas, ponemos en valor el trabajo de diferencias de rango o de privilegios y su indiferencia de participación en la toma [&hellip;]</p>
